= -40*u**2 + 479*u - 429. What is n(11)?
0
Let d(s) = 11*s**2 + 818*s + 522. Determine d(-74).
226
Let v(d) = -99*d**3 + 9*d**2 + d - 19. Give v(2).
-773
Let i(g) = 344*g + 20912. What is i(-61)?
-72
Let i(p) = 278*p + 1817. Calculate i(-3).
983
Let w(g) = g**3 + 18*g**2 - 165*g + 242. Give w(5).
-8
Let v(r) = -r**3 - 16778*r**2 - 435544*r + 229. Determine v(-26).
21
Let d(a) = -1741*a**2 + 161906*a + 488. Give d(93).
-163
Let h(d) = -811*d + 3482. Determine h(8).
-3006
Let k(j) = 2*j**3 - j**2 - 52*j - 138. What is k(-4)?
-74
Let f(o) = 2707360*o - 1. Determine f(0).
-1
Let v(r) = 3*r**2 - 433*r - 4033. Give v(152).
-537
Let w(q) = -166541*q - 999244. Determine w(-6).
2
Let o(b) = -221*b - 35662. Calculate o(-161).
-81
Let d(h) = 2*h**2 + 1281*h - 3915. What is d(3)?
-54
Let j(v) = 35*v**3 - 799*v**2 - 131*v - 69. Calculate j(23).
92
Let d(s) = -69823*s + 6842666. Determine d(98).
12
Let j(d) = -2091*d - 119054. Calculate j(-57).
133
Let p(n) = -39*n**2 - 13*n - 316. Determine p(9).
-3592
Let y(d) = d**2 - 8391*d + 33536. Give y(4).
-12
Let a(t) = t**3 - 72*t**2 + 187*t + 663. Give a(-2).
-7
Let w(t) = 2*t**3 + 226*t**2 + 46*t + 4902. What is w(-113)?
-296
Let w(p) = 2*p**3 - 868*p**2 - 3*p + 1287. Give w(434).
-15
Let p(o) = -6*o**2 - 1139*o - 19483. Calculate p(-19).
-8
Let y(i) = -47*i**2 + 64*i + 90. Determine y(6).
-1218
Let a(t) = t**2 + 5108*t + 2096097. Determine a(-450).
-3
Let m(v) = -v**3 - 120*v**2 + 592*v - 4144. Give m(-125).
-19
Let d(u) = 7*u**2 + 711*u + 7086. What is d(-89)?
-746
Let q(r) = 6*r**2 - 158*r + 1105. Give q(13).
65
Let l(n) = -3*n**2 + 263*n + 207. What is l(88)?
119
Let w(v) = -106*v**2 - 9252*v - 156731. What is w(-23)?
-9
Let g(l) = l**3 - 3548*l**2 - 49823*l + 632. Give g(-14).
2
Let t(b) = -2*b**2 - 57*b + 8593. Give t(49).
998
Let y(x) = 2*x**3 - 16*x**2 + 12*x - 2. Give y(6).
-74
Let w(m) = 16140*m + 112899. Determine w(-7).
-81
Let l(p) = 48744*p + 877404. Determine l(-18).
12
Let g(w) = -191*w + 16880. What is g(88)?
72
Let l(x) = 589*x + 4245. What is l(-11)?
-2234
Let d(s) = 15*s**2 + 1898*s + 7358. Determine d(-4).
6
Let j(i) = i**3 - 196*i**2 + 198*i - 253. Determine j(195).
332
Let t(l) = -224*l - 96. Calculate t(1).
-320
Let u(p) = -p**3 - 48*p**2 + 1923*p - 36. Determine u(-74).
38
Let b(s) = -4*s**3 - 264*s**2 - 3782*s - 102. Give b(-45).
-12
Let j(k) = -15*k**2 + 265*k + 880. What is j(-4)?
-420
Let r(w) = 362*w + 20441. What is r(-54)?
893
Let a(p) = 7*p**2 + 744*p + 185. Calculate a(-103).
-2184
Let k(s) = 116079*s + 57. Give k(0).
57
Let s(u) = 430*u - 58623. Determine s(138).
717
Let b(h) = -2*h**3 + 688*h**2 - 5332*h - 14796. Determine b(336).
-12
Let q(p) = 2*p**3 + 459*p**2 - 1628*p + 1522. Give q(-233).
823
Let z(d) = -28*d**2 - 542*d + 2762. Give z(5).
-648
Let a(m) = -175*m - 5625. What is a(-47)?
2600
Let k(d) = -33*d**2 + 35744*d + 30349. What is k(1084)?
-3
Let q(o) = 1036*o**2 + 23800*o - 638. What is q(-23)?
6
Let i(g) = -565*g**2 - 5047*g - 19. What is i(-9)?
-361
Let t(p) = 77*p**2 - 2230*p - 82. Calculate t(29).
5
Let r(m) = -672*m + 15862. Determine r(26).
-1610
Let k(x) = 4495*x + 3591. What is k(0)?
3591
Let w(p) = 7478*p - 74532. What is w(10)?
248
Let q(v) = -v**3 + 4*v**2 - 1443*v + 7224. Calculate q(5).
-16
Let a(l) = 6*l**2 - 275*l + 4502. Determine a(20).
1402
Let p(w) = -70794*w - 1132702. Calculate p(-16).
2
Let w(r) = -r**2 - 3485*r + 191066. What is w(54)?
-40
Let y(t) = -5*t**2 + 5790*t - 11585. Give y(2).
-25
Let b(j) = -28*j**3 + 21306*j**2 + 1531*j - 6845. Calculate b(761).
4
Let m(g) = -744*g - 63081. What is m(-85)?
159
Let b(w) = 118*w - 2219. Calculate b(18).
-95
Let k(l) = 123*l + 101. Determine k(-30).
-3589
Let a(y) = -y**3 + 1203*y**2 - 27112*y - 33029. Give a(1180).
11
Let r(g) = 3*g**2 - 1439*g + 26252. Calculate r(19).
-6
Let s(g) = g**3 - 79*g**2 - 218*g + 2448. Determine s(81).
-2088
Let t(u) = u**3 - 11*u**2 + 130*u - 1204. What is t(10)?
-4
Let s(y) = -506*y - 1705. Determine s(-3).
-187
Let p(y) = y**3 + 6*y**2 - 216*y - 1616. Give p(-8).
-16
Let d(r) = 2*r**3 - 180*r**2 + 456*r - 58057. What is d(91)?
1
Let z(h) = 292*h - 9920. Calculate z(34).
8
Let o(d) = -2*d**3 + 26*d**2 + 390*d - 5039. Give o(14).
29
Let y(q) = 18*q**2 - 2547*q + 25823. Calculate y(11).
-16
Let x(l) = 6*l**3 + 1752*l**2 + 74*l + 21600. Give x(-292).
-8
Let b(s) = 2*s**2 - 545*s + 27826. Calculate b(68).
14
Let i(p) = 3*p**3 + 31*p**2 - 7*p + 7. Calculate i(-11).
-158
Let f(l) = -3500*l - 188587. Determine f(-54).
413
Let u(f) = -f**3 - 450*f**2 + 4571*f + 54. Give u(10).
-236
Let a(s) = -3*s**2 - 67*s + 89569. Determine a(162).
-17
Let p(k) = 6*k**3 + 41*k**2 - 48*k + 83. Calculate p(-8).
19
Let t(g) = -196332*g**2 - 2944983*g - 32. Give t(-15).
13
Let l(r) = 68*r**2 - 68*r + 115. What is l(2)?
251
Let z(j) = -2*j**3 + 13*j**2 + 332*j - 1884. Determine z(5).
-149
Let s(c) = -c**3 + 72*c**2 - 1105*c + 7167. Determine s(54).
-15
Let b(g) = g**3 + 967*g**2 + 40610*g - 104. Determine b(-44).
-16
Let b(j) = -j**3 + 26*j**2 + 140*j - 726. What is b(29)?
811
Let q(h) = -12*h**3 - 1775*h**2 + 628*h + 70999. Calculate q(-148).
-41
Let q(o) = -35691*o - 1035031. Calculate q(-29).
8
Let v(z) = 433133*z + 866291. Give v(-2).
25
Let w(j) = -91*j**2 + 29389*j + 1286. Calculate w(323).
-6
Let b(c) = -c**2 + 18455*c + 129230. What is b(-7)?
-4
Let b(z) = 2*z**3 + 20*z**2 + 19*z - 128. Determine b(2).
6
Let o(s) = -17*s**2 - 930*s + 4642. Determine o(5).
-433
Let j(d) = -5*d**3 + 246*d**2 - 19*d + 5. Calculate j(49).
1475
Let d(a) = 2313*a + 13604. Give d(-6).
-274
Let h(t) = t**3 + 457*t**2 + 2267*t + 3092. Give h(-452).
-72
Let g(t) = t**3 + 7*t**2 - 152*t - 45. What is g(10)?
135
Let v(f) = -104*f + 2747. Calculate v(26).
43
Let o(j) = -7*j**3 + 5*j**2 + 233*j - 1375. What is o(6)?
-1309
Let l(r) = -r**3 + 49*r**2 + 238*r + 111. What is l(54)?
-1617
Let t(i) = 3*i**3 + 2099*i**2 - 4906*i + 5610. Calculate t(-702).
-6
Let m(j) = -j**3 - 97*j**2 - 1293*j + 78. What is m(-16)?
30
Let x(p) = -14204*p - 85309. Determine x(-6).
-85
Let i(q) = -2*q**2 - 59*q + 1267. Calculate i(-45).
-128
Let d(f) = -3*f**2 + 290*f - 2016. Calculate d(7).
-133
Let v(q) = 29*q**2 + 747*q + 127. Determine v(-27).
1099
Let p(k) = -73622*k - 220907. Calculate p(-3).
-41
Let m(s) = -s**3 - 7*s**2 - 147*s - 2481. Calculate m(-12).
3
Let i(m) = -m**2 - 13426*m - 321905. Calculate i(-24).
-257
Let j(f) = 155*f**2 - 328*f - 87. Calculate j(2).
-123
Let g(m) = -35660*m - 5063733. Determine g(-142).
-13
Let g(s) = -s**3 - 682*s**2 - 114675*s + 1794. Give g(-301).
-12
Let k(u) = -638*u**2 + 5639*u + 869. What is k(9)?
-58
Let h(r) = 1058*r + 9277. Calculate h(-9).
-245
Let m(b) = 118*b**2 + 4720*b - 52. Give m(-40).
-52
Let d(m) = -2*m**3 - 81*m**2 + 115*m + 175. Calculate d(-42).
637
Let k(z) = -z**2 + 2270*z + 120947. What is k(-52)?
203
Let m(t) = -t**3 - 52*t**2 - 698*t + 67. Give m(0).
67
Let z(a) = a**2 + 20939*a + 83738. Give z(-4).
-2
Let o(b) = -7*b**3 - 83*b**2 - 49*b - 271. Determine o(-12).
461
Let q(f) = -f**3 - 16*f**2 + 155*f + 2559. What is q(-13)?
37
Let v(u) = u**2 - 24508*u - 196130. What is v(-8)?
-2
Let y(i) = 466*i - 76099. What is y(163)?
-141
Let o(f) = -169*f**2 - 118131*f + 12. What is o(-699)?
12
Let d(p) = -215*p - 8803. Give d(-41).
12
Let q(s) = -465*s - 36803. Determine q(-79).
-68
Let w(y) = y**3 + 43*y**2 + 433*y + 77. Calculate w(-25).
502
Let s(t) = -16321*t + 505398. Give s(31).
-553
Let s(q) = -68*q + 6019. Give s(81).
511
Let j(u) = 618*u**2 - 1003*u - 469. Calculate j(2).
-3
Let c(f) = -1531*f**2 - 18321*f + 13. Determine c(-12).
-599
Let p(l) = -2313*l + 101823. Determine p(44).
51
Let z(n) = -12*n + 1841. What is z(164)?
-127
Let t(j) = -4*j**2 - 431*j - 7567. Give t(-85).
168
Let h(d) = 947*d - 10281. Determine h(11).
136
Let z(k) = -418*k + 53507. Determine z(128).
3
Let d(x) = x**3 - 25*x**2 - 19*x - 271. Give d(26).
-89
Let o(u) = 500714*u + 3505010. Calculate o(-7).
12
Let a(l) = -l**2 + 13*l + 4858. What is a(84)?
-1106
Let k(j) = 1333*j + 5470. Calculate k(-4).
138
Let x(j) = -3*j**2 + 75*j + 4232. Calculate x(52).
20
Let c(a) = -4*a**2 + 161*a + 2284. Determine c(-11).
29
Let c(b) = 59*b**2 - 7520*b + 3233. Calculate c(127).
-196
Let j(o) = o**3 - 6*o**2 - 95*o + 773.